-14). Let x(m) = -m + 1 + m**2 + q*m - 2*m - 2*m. Calculate x(2).
1
Let v(p) = -5*p**2 + 2*p - 1. Suppose -62*a - 10 = -57*a. Give v(a).
-25
Let p(w) be the second derivative of w**5/20 + w**4/12 + 5*w**2/2 + w + 161. Let i(b) = -b + 4. Let d be i(4). Give p(d).
5
Let w(k) be the first derivative of k**2/2 - 3*k + 125. Calculate w(-2).
-5
Let g(s) be the second derivative of s**4/12 - 5*s**3/6 + s**2 + 109*s. Determine g(1).
-2
Let b(g) be the first derivative of -g**4/4 - 2*g**3 - g**2/2 + 7*g - 59. Determine b(-6).
13
Let a(d) = -d**3 - 5*d**2 - 7*d - 6. Let o be a(-4). Let f(i) = 3*i + i - 9 - 2*i. Let x(k) = 4*k - 18. Let b(u) = 5*f(u) - 3*x(u). What is b(o)?
-3
Let z(f) be the third derivative of -f**8/6720 - f**7/504 - f**6/120 - f**5/40 + f**4/8 + 20*f**2. Let o(t) be the second derivative of z(t). What is o(-4)?
5
Let j(i) = i. Suppose 0 = 2*k + 8, -m + 2*k = -0*k - 8. Give j(m).
0
Let r = 282 - 281. Let t(y) = -5*y**2 - y. What is t(r)?
-6
Suppose -5*w = 5*r, -6 = 3*w - 5*r + 26. Let g(p) be the first derivative of p**3/3 + 2*p**2 - 2*p - 29. Determine g(w).
-2
Let q(s) = s**3 + 5*s**2 + s - 4. Suppose -46 = 2*f + 3*w - 0*w, -4*w - 8 = 0. Let b = -24 - f. What is q(b)?
8
Let v(q) = -8*q. Let n be (-18)/(-2) + (-89 - -83). Determine v(n).
-24
Suppose b - 2*b + 2 = 0. Let c(m) = 0 - 3 - 102*m**2 + 103*m**b + 6 + 5*m. Calculate c(-4).
-1
Let v(s) = s - 6. Suppose 18 = -4*m - 5*k, 3*k = m - k + 15. Determine v(m).
-13
Let q(a) = -21*a**2 + a + 7 - 20*a**2 - 22*a**2 + 62*a**2. Calculate q(5).
-13
Suppose -17*i = -13*i - 8. Let x(c) = -2*c + 0 - c + i*c + 1. Determine x(2).
-1
Let b(c) = -14*c**3. Let m(i) be the first derivative of -i**3/3 + 15*i**2/2 - 27*i - 31. Let y be m(13). Calculate b(y).
14
Let c(n) = -22*n**3 - 17*n**2 - 10*n - 13. Let s(g) = 19*g**3 + 16*g**2 + 9*g + 11. Let p(o) = 6*c(o) + 7*s(o). Give p(-10).
-31
Suppose -x = -5, -4*g = -0*x - 4*x + 24. Let l(q) be the third derivative of 1/12*q**4 + 1/6*q**3 + 0 + 0*q - 7*q**2. What is l(g)?
-1
Let m(g) = -5 - 152*g**2 + g**3 + 88*g**2 + 70*g**2 - 8*g. What is m(-7)?
2
Let d be (3/(-4))/((-1)/4). Let c(l) = 3*l**d - l - 10*l**3 - 4*l + 3*l + 1. Give c(1).
-8
Let y(f) = f**2 + f - 5. Suppose -5*v + v = 24. Let u be 3/((-1)/(-2) - 1). Let d = v - u. Determine y(d).
-5
Let y(i) be the second derivative of -10*i + 3/2*i**2 + 0 + 1/20*i**5 + 0*i**3 - 1/3*i**4. Suppose 0 = 3*k - 2*k - 4. Give y(k).
3
Let i(s) = -9*s**2 + 5*s - 22. Let h(t) = -16*t**2 + 8*t - 42. Let v(x) = 5*h(x) - 9*i(x). Calculate v(7).
2
Let q(i) be the first derivative of -i**3/3 - 4*i**2 - 4*i - 251. Give q(-4).
12
Suppose 3*p - 5*x = -x, -p - 5*x + 19 = 0. Let n(b) = -5 + 15 + p - 3 + 2*b. Calculate n(-8).
-5
Let a(i) = -26 - 3*i**2 - 6*i + 22 + 0*i. Let l be a(-2). Let c(n) = n + 2. Calculate c(l).
-2
Let w be (5/(2 + -7))/(-1). Suppose -2*p = -w + 5. Let o(f) = -5*f + 2. Give o(p).
12
Let c(b) be the second derivative of 1/2*b**3 + 0 - 18*b - 1/3*b**4 + 1/20*b**5 - 1/2*b**2. Determine c(2).
-3
Let h(l) = -57*l**3 - 14*l**2 - 3*l + 20. Let k(w) = 19*w**3 + 5*w**2 + w - 7. Let f = -49 + 66. Let r(n) = f*k(n) + 6*h(n). Give r(1).
-18
Let h(k) = 2*k**3 + 13*k**2 + 7*k + 9. Let s be h(-6). Let f(m) = 4*m + 243 - s*m + 0*m - 242. Suppose -o + 0*o = 5*n + 27, 3*o - 4 = 2*n. Calculate f(n).
-4
Let q(p) = p**3 + 13*p**2 + 16*p + 6. Let k = 952 - 964. What is q(k)?
-42
Let r(o) be the second derivative of o**5/20 + 7*o**4/12 - 7*o**3/6 + 3*o**2/2 - 43*o. What is r(-8)?
-5
Let h(f) = -5*f**3 - 25*f**2 - 9*f + 5. Let a(d) = -3*d**3 - 13*d**2 - 5*d + 2. Let z(o) = 7*a(o) - 4*h(o). Give z(9).
3
Let d(s) = 6*s**2 + 3*s**3 - 7*s + 5*s**3 - 7*s**2 - 8*s**3 + 2*s**3. Determine d(3).
24
Let b(w) be the first derivative of 5*w**2/2 + 4*w - 4. Let y be b(-4). Let r = y + 19. Let o(t) = 3*t. Give o(r).
9
Let y be (1 - 0)/((-2)/(-22)). Suppose 7*n + 198 = 247. Suppose y = -j + n. Let a(s) = s**2 + 4*s - 5. What is a(j)?
-5
Let r(j) = j - 9. Suppose h = 10*h - 81. Determine r(h).
0
Let h(o) = 4*o**3 + 4*o**2 + 2*o - 1. Suppose 9*s - 206 = -224. What is h(s)?
-21
Suppose 3*u = 4*l - 0*l - 45, 5*u + 20 = 3*l. Suppose 3*q = 6*q - l. Let d(x) = -q + 4 + 3*x + 3. Calculate d(2).
8
Let c be (-7 - 675/(-95)) + 165/57. Let q(u) = u**3 - 5*u**2 + 2*u + 5. Determine q(c).
-7
Let i(x) be the second derivative of x**4/12 + 8*x**3/3 - 20*x**2 + 445*x. What is i(-18)?
-4
Suppose 3*x - 33 = -12. Let a(g) = 3*g**2 - 32*g + 38. Let r(q) = q**2 - 11*q + 13. Let n(c) = -3*a(c) + 8*r(c). Determine n(x).
-3
Let s(o) be the second derivative of o**4/12 + o**3/6 - 5*o**2 + 188*o. What is s(-8)?
46
Let f(r) = -r**2 + r + 27. Let y(g) = -6*g**2 + 6*g + 134. Let d(k) = 11*f(k) - 2*y(k). Let c(z) be the first derivative of d(z). What is c(4)?
7
Let w be ((-4)/6)/(2/(-9)). Let v(i) = 0*i**3 - 4*i**3 + 3*i**2 - 2*i**w - 2*i**2 - i. Suppose -5*d + d + 14 = 2*k, -2*k - 13 = -5*d. Give v(k).
-6
Suppose -10*l - 11 = 19. Let x be (-2)/l - 2/3. Let n(v) = -v - 5. Determine n(x).
-5
Let t(b) = -b**3 + 4*b**2 - 4*b + 4. Suppose 0 = -2*c + 9 - 3. Determine t(c).
1
Let g(q) = 2*q + 5. Let v(c) = 3*c - 2. Let t(s) = -s + 1. Let n(r) = -5*t(r) - 2*v(r). Let d be n(3). What is g(d)?
-3
Let a(z) be the second derivative of 0 + z**3 + 15*z - 4*z**2 - 7/12*z**4 + 1/20*z**5. What is a(6)?
-8
Let w(i) = -9*i**2 - 9*i - 57. Let u(q) = -5*q**2 - 5*q - 29. Let x(j) = -11*u(j) + 6*w(j). Determine x(0).
-23
Let d(z) be the first derivative of z**4/4 + 3*z**3 + 13*z**2/2 - 2*z - 237. Calculate d(-6).
28
Suppose 4*t - 42 = -3*t. Let i(b) = -11*b - t + 6*b + 6*b. Calculate i(-5).
-11
Let t = 63 - 61. Let c(r) = 55*r + r**t - 113*r + 8 + 57*r. Suppose 0 = 2*l + l. What is c(l)?
8
Let k(g) = g**3 + 7*g**2 - 12. Let j be (7/2)/(-5 - (-54)/12). Give k(j).
-12
Let g(k) be the first derivative of k**4/12 + 2*k**3/3 - k**2/2 + 6. Let w(d) be the second derivative of g(d). Determine w(-6).
-8
Let p(b) = 5*b + 3. Let k(i) = -11*i - 8. Let l(a) = 2*k(a) + 5*p(a). Determine l(5).
14
Let r(f) be the first derivative of f**3/3 - 9*f**2/2 + 12*f - 29. Determine r(9).
12
Let v(r) be the first derivative of -r**4/4 + r**3/3 + 13*r**2/2 + 112. Calculate v(4).
4
Let g(m) be the third derivative of -m**6/120 - m**5/30 + 7*m**4/24 + 5*m**3/3 - m**2 - m. Calculate g(-3).
-2
Suppose 17*a - 14*a - 6 = 0. Suppose 4*g + 4*d + 12 = 0, -4*g + d = 5 + a. Let k(t) = 9*t + 3. Give k(g).
-15
Suppose 7*k - 12 = 4*k, 3*o + k = 7. Let b(r) = -3*r**3 + 2*r - 2. Calculate b(o).
-3
Let j(z) = -z - 9. Let s(w) = 2. Let o(i) = -j(i) - 3*s(i). Give o(-6).
-3
Let w(n) be the second derivative of -41*n + 5/12*n**4 + n**2 + 2/3*n**3 - 2. What is w(-2)?
14
Let t = -16 - -7. Let g(m) = -11*m**2 + 31*m - 14. Let k(z) = 5*z**2 - 15*z + 7. Let a(i) = -6*g(i) - 13*k(i). Determine a(t).
-7
Let g(s) = -16*s**2 - 1. Let l be g(1). Let p = l + 19. Let d(v) = 1. Let n(t) = -t - 4. Let q(k) = p*d(k) - n(k). Determine q(-6).
0
Let c(t) = 4*t. Let m(b) = -b**2 + 16*b - 23. Let r be m(14). Suppose 2*x = 6*x + 4*p - 8, -x = r*p - 18. Determine c(x).
-8
Let v(o) = o**2 - 27*o - 3. Let f be v(31). Let w = 116 - f. Let k(q) = -q**3 - 5*q**2 + 2. Determine k(w).
2
Let g(j) = j**2 - j - 1. Let z(w) = -w**3 + 4*w + 7. Let o(k) = 3*g(k) + z(k). Let c be 5 + ((-4)/1)/2. Give o(c).
7
Let m(f) = -13*f**2 - 13*f + 16. Let l(v) = 18*v**2 + 20*v - 24. Let q(i) = -5*l(i) - 7*m(i). Let o(h) = h**2 - 5*h + 2. Let r be o(6). Determine q(r).
0
Suppose -19 = 5*j - 4*p, 0*j + 2 = j + 5*p. Let d(z) = 2*z**2 + 5*z + 10. Let m(x) = 2*x**2 + 4*x + 8. Let s(k) = 5*d(k) - 6*m(k). What is s(j)?
-19
Let k(s) = s + 2. Let a be k(-6). Let q(n) be the second derivative of n**5/120 - 3*n**3 + 6*n. Let g(h) be the second derivative of q(h). What is g(a)?
-4
Let g(s) = -7*s**2 - 2 + 2*s + 0 + 1 + 5. Let o(f) = -15*f**2 + 5*f + 7. Let a(k) = 13*g(k) - 6*o(k). What is a(-7)?
-11
Let x(t) = -t**3 + 7*t**2 + 5. Suppose -4*s + 18 = -s. Suppose s*d = 30 + 12. Determine x(d).
5
Let n(i) = -2*i - 4. Let b(o) = o + 6. Suppose -2*h - 8 = -4*h. Let j be b(h). Let q(f) = f**2 - 9*f - 13. Let u be q(j). Calculate n(u).
2
Let r(v) be the third derivative of -v**4/24 + v**3/6 + 19*v**2. Let z = -5 - 1. What is r(z)?
7
Let n(t) = -11*t + 24. Let f(v) = 4*v - 8. Suppose 0 = -c - 2*c + 9. 